{"id":29,"date":"2018-01-16T10:11:26","date_gmt":"2018-01-16T09:11:26","guid":{"rendered":"https:\/\/polz-garten.at\/it\/?page_id=29"},"modified":"2018-02-08T11:44:05","modified_gmt":"2018-02-08T10:44:05","slug":"la-storia-del-vigneto","status":"publish","type":"page","link":"https:\/\/polz-garten.at\/it\/vigneti-giardino\/la-storia-del-vigneto\/","title":{"rendered":"La Storia del Vigneto"},"content":{"rendered":"<p><img loading=\"lazy\" decoding=\"async\" class=\"alignnone wp-image-30 size-full\" src=\"https:\/\/polz-garten.at\/it\/wp-content\/uploads\/sites\/3\/2018\/01\/a-storia-del-vigneto-e-del-territorio.jpg\" alt=\"La Storia del Vigneto\" width=\"1170\" height=\"500\" srcset=\"https:\/\/polz-garten.at\/it\/wp-content\/uploads\/sites\/3\/2018\/01\/a-storia-del-vigneto-e-del-territorio.jpg 1170w, https:\/\/polz-garten.at\/it\/wp-content\/uploads\/sites\/3\/2018\/01\/a-storia-del-vigneto-e-del-territorio-300x128.jpg 300w, https:\/\/polz-garten.at\/it\/wp-content\/uploads\/sites\/3\/2018\/01\/a-storia-del-vigneto-e-del-territorio-768x328.jpg 768w, https:\/\/polz-garten.at\/it\/wp-content\/uploads\/sites\/3\/2018\/01\/a-storia-del-vigneto-e-del-territorio-1024x438.jpg 1024w\" sizes=\"auto, (max-width: 1170px) 100vw, 1170px\" \/><\/p>\n<p>Vi racconto questa storia per capire meglio perch\u00e9 tutto \u00e8 diventato cos\u00ec come lo \u00e8 ora \u2013 il giardino, le antiche rose, gli alberi da frutta, gli alveari e le viti di cui nelle cantine pigiamo il conosciuto Sauvignon Blanc, la mia visita guidata intorno al tema del territorio e degli aromi, le specialit\u00e0 che produco ed il lavoro come coach diplomato &amp; coach certificato per costellazioni familiari e sistemiche per singoli secondo il metodo Tetralemma.<\/p>\n<p>Insieme a mio marito Walter nel 1989 ho iniziato a coltivare il vigneto nella zona Obegg &#8211; l\u00ec dove oggi cresce l&#8217;uva per il nostro Morillon (Chardonnay) complesso. Quando eravamo alla ricerca di una casa per noi e per la nostra famiglia, abbiamo trovato una vecchia fattoria. L&#8217;abbiamo acquistata e l&#8217;abbiamo ristrutturata e adattata alle nostre esigenze. Questo \u00e8 avvenuto nel 1991. Ed \u00e8 questa la casa in cui viviamo fino al giorno d&#8217;oggi.<\/p>\n<p>Un anno dopo con le nostre stesse mani abbiamo iniziato a coltivare il vigneto Hochgrassnitzberg. Le viti arrivano fino a davanti casa nostra. Ho dato alla luce quattro figli: Walter jr., Lukas, Anna e Lara. Tre di loro ormai sono adulti, Walter jr. purtroppo ci ha lasciati troppo presto. La perdita del mio primogenito mi ha colpito molto e per molti anni non sono riuscita a superare il dolore.<\/p>\n<p>Per ritrovare la mia forza di vita, nel 1992 ho iniziato a coltivare un giardino sopra i vigneti. La mia passione per le antiche rose e piante storiche \u00e8 cresciuta anno dopo anno \u2013 e insieme a tale anche il mio giardino. Il giardino \u201cS\u00fcdsteiermark Garten\u201d, cosi si chiama oggi, ha regalato forza e nuovo coraggio di vita non solo a me, ma anche a tanti dei nostri ospiti che si sono accorti della magia straordinaria e della forza del luogo e hanno trovato qui un luogo di contemplazione. Oltre ai miei compiti da viticoltore e madre, ho frequentato corsi di formazione sotto la guida di maestri molto riconosciuti.<\/p>\n<p>Alcuni anni fa ho piantato alcuni cipressi e lungo i margini piante di lavanda. Mio marito di conseguenza ha dovuto sacrificare pi\u00f9 di 1000 viti. Ci ha voluto un po&#8217; di tecnica persuasiva per convincerlo. Intanto per\u00f2 il giardino e il vigneto sono diventati un&#8217;unit\u00e0 che si arricchiscono a vicenda. Le rose, i cespugli e le viti storiche della zona traggono la loro forza dal territorio sostanzioso del nostro vigneto.<\/p>\n<p>&nbsp;<\/p>\n<h2>Il giardino come posto di lavoro<\/h2>\n<p>Non ho mai pensato ad utilizzare fertilizzanti chimici. Mi fido della forza della natura diversificata. Le api popolano il mio giardino e raccolgono dalle rose e la lavanda e tutte le altre piante, un miele gustoso. Sui frutteti crescono i frutti delicati, antichi tipi di mele, cotogne, prugne e pere dai quali produco specialit\u00e0 molto apprezzate. Qui svelo ai miei visitatori durante la visita guidata intorno al tema degli aromi e del territorio, i segreti della terra, del paesaggio e del vino. Sostengo i miei clienti in situazioni difficili e in decisioni di vita con l&#8217;aiuto di un coaching Tetralemma per riuscire cos\u00ec a prendere presto la decisione giusta per loro.<\/p>\n<p>Il vigneto e il giardino sono il mio posto di lavoro: come contadina, come produttrice di specialit\u00e0 regionali della Stiria meridionale, come coach professionista per la costellazione sistemica e familiare e come mediatrice di questo paesaggio meraviglioso e la forza che ci trasmette.<\/p>\n","protected":false},"excerpt":{"rendered":"<p>Vi racconto questa storia per capire meglio perch\u00e9 tutto \u00e8 diventato cos\u00ec come lo \u00e8 ora \u2013 il giardino, le antiche rose, gli alberi da frutta, gli alveari e le viti di cui nelle cantine pigiamo il conosciuto Sauvignon Blanc, la mia visita guidata intorno al tema del territorio e degli aromi, le specialit\u00e0 che [&hellip;]<\/p>\n","protected":false},"author":1,"featured_media":0,"parent":25,"menu_order":0,"comment_status":"closed","ping_status":"closed","template":"","meta":{"_acf_changed":false,"footnotes":""},"class_list":["post-29","page","type-page","status-publish","hentry"],"acf":[],"_links":{"self":[{"href":"https:\/\/polz-garten.at\/it\/wp-json\/wp\/v2\/pages\/29","targetHints":{"allow":["GET"]}}],"collection":[{"href":"https:\/\/polz-garten.at\/it\/wp-json\/wp\/v2\/pages"}],"about":[{"href":"https:\/\/polz-garten.at\/it\/wp-json\/wp\/v2\/types\/page"}],"author":[{"embeddable":true,"href":"https:\/\/polz-garten.at\/it\/wp-json\/wp\/v2\/users\/1"}],"replies":[{"embeddable":true,"href":"https:\/\/polz-garten.at\/it\/wp-json\/wp\/v2\/comments?post=29"}],"version-history":[{"count":3,"href":"https:\/\/polz-garten.at\/it\/wp-json\/wp\/v2\/pages\/29\/revisions"}],"predecessor-version":[{"id":84,"href":"https:\/\/polz-garten.at\/it\/wp-json\/wp\/v2\/pages\/29\/revisions\/84"}],"up":[{"embeddable":true,"href":"https:\/\/polz-garten.at\/it\/wp-json\/wp\/v2\/pages\/25"}],"wp:attachment":[{"href":"https:\/\/polz-garten.at\/it\/wp-json\/wp\/v2\/media?parent=29"}],"curies":[{"name":"wp","href":"https:\/\/api.w.org\/{rel}","templated":true}]}}

<p><img loading="lazy" decoding="async" class="alignnone wp-image-30 size-full" src="https://polz-garten.at/it/wp-content/uploads/sites/3/2018/01/a-storia-del-vigneto-e-del-territorio.jpg" alt="La Storia del Vigneto" width="1170" height="500" srcset="https://polz-garten.at/it/wp-content/uploads/sites/3/2018/01/a-storia-del-vigneto-e-del-territorio.jpg 1170w, https://polz-garten.at/it/wp-content/uploads/sites/3/2018/01/a-storia-del-vigneto-e-del-territorio-300x128.jpg 300w, https://polz-garten.at/it/wp-content/uploads/sites/3/2018/01/a-storia-del-vigneto-e-del-territorio-768x328.jpg 768w, https://polz-garten.at/it/wp-content/uploads/sites/3/2018/01/a-storia-del-vigneto-e-del-territorio-1024x438.jpg 1024w" sizes="auto, (max-width: 1170px) 100vw, 1170px" /></p>
<p>Vi racconto questa storia per capire meglio perché tutto è diventato così come lo è ora – il giardino, le antiche rose, gli alberi da frutta, gli alveari e le viti di cui nelle cantine pigiamo il conosciuto Sauvignon Blanc, la mia visita guidata intorno al tema del territorio e degli aromi, le specialità che produco ed il lavoro come coach diplomato &amp; coach certificato per costellazioni familiari e sistemiche per singoli secondo il metodo Tetralemma.</p>
<p>Insieme a mio marito Walter nel 1989 ho iniziato a coltivare il vigneto nella zona Obegg &#8211; lì dove oggi cresce l&#8217;uva per il nostro Morillon (Chardonnay) complesso. Quando eravamo alla ricerca di una casa per noi e per la nostra famiglia, abbiamo trovato una vecchia fattoria. L&#8217;abbiamo acquistata e l&#8217;abbiamo ristrutturata e adattata alle nostre esigenze. Questo è avvenuto nel 1991. Ed è questa la casa in cui viviamo fino al giorno d&#8217;oggi.</p>
<p>Un anno dopo con le nostre stesse mani abbiamo iniziato a coltivare il vigneto Hochgrassnitzberg. Le viti arrivano fino a davanti casa nostra. Ho dato alla luce quattro figli: Walter jr., Lukas, Anna e Lara. Tre di loro ormai sono adulti, Walter jr. purtroppo ci ha lasciati troppo presto. La perdita del mio primogenito mi ha colpito molto e per molti anni non sono riuscita a superare il dolore.</p>
<p>Per ritrovare la mia forza di vita, nel 1992 ho iniziato a coltivare un giardino sopra i vigneti. La mia passione per le antiche rose e piante storiche è cresciuta anno dopo anno – e insieme a tale anche il mio giardino. Il giardino “Südsteiermark Garten”, cosi si chiama oggi, ha regalato forza e nuovo coraggio di vita non solo a me, ma anche a tanti dei nostri ospiti che si sono accorti della magia straordinaria e della forza del luogo e hanno trovato qui un luogo di contemplazione. Oltre ai miei compiti da viticoltore e madre, ho frequentato corsi di formazione sotto la guida di maestri molto riconosciuti.</p>
<p>Alcuni anni fa ho piantato alcuni cipressi e lungo i margini piante di lavanda. Mio marito di conseguenza ha dovuto sacrificare più di 1000 viti. Ci ha voluto un po&#8217; di tecnica persuasiva per convincerlo. Intanto però il giardino e il vigneto sono diventati un&#8217;unità che si arricchiscono a vicenda. Le rose, i cespugli e le viti storiche della zona traggono la loro forza dal territorio sostanzioso del nostro vigneto.</p>
<p>&nbsp;</p>
<h2>Il giardino come posto di lavoro</h2>
<p>Non ho mai pensato ad utilizzare fertilizzanti chimici. Mi fido della forza della natura diversificata. Le api popolano il mio giardino e raccolgono dalle rose e la lavanda e tutte le altre piante, un miele gustoso. Sui frutteti crescono i frutti delicati, antichi tipi di mele, cotogne, prugne e pere dai quali produco specialità molto apprezzate. Qui svelo ai miei visitatori durante la visita guidata intorno al tema degli aromi e del territorio, i segreti della terra, del paesaggio e del vino. Sostengo i miei clienti in situazioni difficili e in decisioni di vita con l&#8217;aiuto di un coaching Tetralemma per riuscire così a prendere presto la decisione giusta per loro.</p>
<p>Il vigneto e il giardino sono il mio posto di lavoro: come contadina, come produttrice di specialità regionali della Stiria meridionale, come coach professionista per la costellazione sistemica e familiare e come mediatrice di questo paesaggio meraviglioso e la forza che ci trasmette.</p>

<p>Vi racconto questa storia per capire meglio perché tutto è diventato così come lo è ora – il giardino, le antiche rose, gli alberi da frutta, gli alveari e le viti di cui nelle cantine pigiamo il conosciuto Sauvignon Blanc, la mia visita guidata intorno al tema del territorio e degli aromi, le specialità che [&hellip;]</p>
