{"id":25,"date":"2018-01-16T11:30:14","date_gmt":"2018-01-16T10:30:14","guid":{"rendered":"https:\/\/polz-garten.at\/fr\/?page_id=25"},"modified":"2019-03-22T09:47:31","modified_gmt":"2019-03-22T08:47:31","slug":"lhistoire-de-la-vigne","status":"publish","type":"page","link":"https:\/\/polz-garten.at\/fr\/le-jardin\/lhistoire-de-la-vigne\/","title":{"rendered":"L\u2019histoire De La Vigne"},"content":{"rendered":"<p>&nbsp;<\/p>\n<figure id=\"attachment_166\" aria-describedby=\"caption-attachment-166\" style=\"width: 980px\" class=\"wp-caption alignnone\"><img loading=\"lazy\" decoding=\"async\" class=\"wp-image-166 size-large\" src=\"https:\/\/polz-garten.at\/fr\/wp-content\/uploads\/sites\/4\/2018\/09\/KB_Polz18_6189-1024x683.jpg\" alt=\"Jardin Autriche Styrie Styrie m\u00e9ridionale Polz Jardin Grassnitzberg &amp; Hochgrassnitzberg\" width=\"980\" height=\"654\" srcset=\"https:\/\/polz-garten.at\/fr\/wp-content\/uploads\/sites\/4\/2018\/09\/KB_Polz18_6189-1024x683.jpg 1024w, https:\/\/polz-garten.at\/fr\/wp-content\/uploads\/sites\/4\/2018\/09\/KB_Polz18_6189-300x200.jpg 300w, https:\/\/polz-garten.at\/fr\/wp-content\/uploads\/sites\/4\/2018\/09\/KB_Polz18_6189-768x512.jpg 768w, https:\/\/polz-garten.at\/fr\/wp-content\/uploads\/sites\/4\/2018\/09\/KB_Polz18_6189-335x223.jpg 335w, https:\/\/polz-garten.at\/fr\/wp-content\/uploads\/sites\/4\/2018\/09\/KB_Polz18_6189.jpg 1600w\" sizes=\"auto, (max-width: 980px) 100vw, 980px\" \/><figcaption id=\"caption-attachment-166\" class=\"wp-caption-text\">Jardin Autriche Styrie Styrie m\u00e9ridionale Polz Jardin Grassnitzberg &amp; Hochgrassnitzberg<\/figcaption><\/figure>\n<p>&nbsp;<\/p>\n<p>&nbsp;<\/p>\n<p>Je te raconterai l\u2019histoire et la vie du jardin, des roses anciennes, du verger, des ruches et des vignes du fameux Sauvignon Blanc de notre cave, de mes visites guid\u00e9es terroir et ar\u00f4mes, des sp\u00e9cialit\u00e9s que je cr\u00e9e et de mon travail en tant que coach dipl\u00f4m\u00e9 en constellations familiales en session individuelle avec module Tetralemma. C\u2019est bien l\u2019histoire de la vigne \u2013 et de ma vie.<\/p>\n<p>Mon mari Walter et moi, on a plant\u00e9 la vigne nomm\u00e9e Obegg ensemble en 1989, berceau des raisins de notre Chardonnay complexe (appel\u00e9 Morillon en Styrie). A la recherche d\u2019un domicile pour nous et notre famille, on a trouv\u00e9 une vieille ferme. Nous l\u2019avons achet\u00e9e et adapt\u00e9e \u00e0 nos besoins en 1991. C\u2019est la maison o\u00f9 on habite aujourd\u2019hui.<\/p>\n<p>L\u2019ann\u00e9e suivante, on a plant\u00e9 le site de Hochgrassnitzberg, toujours de nos propres mains. La vigne arrivait jusqu\u2019\u00e0 notre maison. J\u2019ai donn\u00e9 naissance \u00e0 quatre enfants\u00a0: Walter jr., Lukas, Anna et Lara. Trois d\u2019entre eux sont adultes aujourd\u2019hui, Walter jr. nous a quitt\u00e9 beaucoup trop t\u00f4t. La perte de mon premier-n\u00e9 m\u2019a fortement touch\u00e9e et il a fallu des ann\u00e9es pour me retrouver.<\/p>\n<p>Pour retrouver ma vitalit\u00e9, j\u2019ai commenc\u00e9 \u00e0 planter un jardin en 1992. Ma passion pour les roses anciennes et les plantes historiques a \u00e9volu\u00e9 d\u2019ann\u00e9e en ann\u00e9e, et le jardin avec elle. Et je n\u2019\u00e9tais pas la seule \u00e0 profiter de la force et de la vitalit\u00e9 de mon jardin aujourd\u2019hui appel\u00e9 S\u00fcdsteiermark Garten\u00ae\u00a0: Nos visiteurs \u00e9taient tout aussi ravis de la magie et de la force de cet endroit et y ont trouv\u00e9 un espace de contemplation. En plus de mes t\u00e2ches en tant que viticultrice et m\u00e8re, j\u2019ai suivi des cours aupr\u00e8s des ma\u00eetres de renom.<\/p>\n<p>Il y a quelques ann\u00e9es, j\u2019ai plant\u00e9 une rang\u00e9e de cypr\u00e8s, bord\u00e9e de lavandes. Mon mari a d\u00fb sacrifier plus de 1000 ceps pour ce faire. Il a fallu quelque temps, mais j\u2019ai finalement r\u00e9ussi \u00e0 le convaincre. Entretemps, la vigne et le jardin sont en parfaite harmonie et profitent l\u2019un de l\u2019autre. Les roses d\u2019antan, les arbustes et les ceps puisent toute leur force dans le terroir complexe de notre vigne.<\/p>\n<p>&nbsp;<\/p>\n<h2>Mon jardin \u2013 un espace de travail<\/h2>\n<p>Je ne penserais jamais \u00e0 utiliser des engrais artificiels ou des insecticides chimiques. Je me fie totalement \u00e0 la force et \u00e0 la diversit\u00e9 de la nature. Les abeilles y abondent et se d\u00e9p\u00eachent pour ramasser le miel savoureux, dans les roses, la lavande et les autres plantes fleuries. Les vergers rajoutent leurs fruits nobles\u00a0: vari\u00e9t\u00e9s de pommes d\u2019antan, coings, quetches, poires que je transforme en d\u00e9licatesses. C\u2019est ici que je familiarise les participants de mes visites terroir et ar\u00f4mes avec les secrets du sol, du paysage et de la vigne. C\u2019est ici que je travaille avec mes clients en situation difficile ou au carrefour de leur vie selon la m\u00e9thode\u00a0<i>Tetralemma<\/i>\u00a0pour qu\u2019ils ne perdent pas de temps et r\u00e9ussissent \u00e0 prendre une d\u00e9cision satisfaisante.<\/p>\n<p>Cette vigne et ce jardin sont mon espace de travail de viticultrice, de productrice de sp\u00e9cialit\u00e9s r\u00e9gionales typiques de la r\u00e9gion, de coach dipl\u00f4m\u00e9e et certifi\u00e9e en constellations familiales et syst\u00e9miques et de guide \u00e0 travers ce paysage merveilleux dont la force nous rend aussi heureuse.<\/p>\n","protected":false},"excerpt":{"rendered":"<p>&nbsp; &nbsp; &nbsp; Je te raconterai l\u2019histoire et la vie du jardin, des roses anciennes, du verger, des ruches et des vignes du fameux Sauvignon Blanc de notre cave, de mes visites guid\u00e9es terroir et ar\u00f4mes, des sp\u00e9cialit\u00e9s que je cr\u00e9e et de mon travail en tant que coach dipl\u00f4m\u00e9 en constellations familiales en session [&hellip;]<\/p>\n","protected":false},"author":1,"featured_media":0,"parent":22,"menu_order":0,"comment_status":"closed","ping_status":"closed","template":"","meta":{"_acf_changed":false,"footnotes":""},"class_list":["post-25","page","type-page","status-publish","hentry"],"acf":[],"_links":{"self":[{"href":"https:\/\/polz-garten.at\/fr\/wp-json\/wp\/v2\/pages\/25","targetHints":{"allow":["GET"]}}],"collection":[{"href":"https:\/\/polz-garten.at\/fr\/wp-json\/wp\/v2\/pages"}],"about":[{"href":"https:\/\/polz-garten.at\/fr\/wp-json\/wp\/v2\/types\/page"}],"author":[{"embeddable":true,"href":"https:\/\/polz-garten.at\/fr\/wp-json\/wp\/v2\/users\/1"}],"replies":[{"embeddable":true,"href":"https:\/\/polz-garten.at\/fr\/wp-json\/wp\/v2\/comments?post=25"}],"version-history":[{"count":4,"href":"https:\/\/polz-garten.at\/fr\/wp-json\/wp\/v2\/pages\/25\/revisions"}],"predecessor-version":[{"id":179,"href":"https:\/\/polz-garten.at\/fr\/wp-json\/wp\/v2\/pages\/25\/revisions\/179"}],"up":[{"embeddable":true,"href":"https:\/\/polz-garten.at\/fr\/wp-json\/wp\/v2\/pages\/22"}],"wp:attachment":[{"href":"https:\/\/polz-garten.at\/fr\/wp-json\/wp\/v2\/media?parent=25"}],"curies":[{"name":"wp","href":"https:\/\/api.w.org\/{rel}","templated":true}]}}

<p>&nbsp;</p>
<figure id="attachment_166" aria-describedby="caption-attachment-166" style="width: 980px" class="wp-caption alignnone"><img loading="lazy" decoding="async" class="wp-image-166 size-large" src="https://polz-garten.at/fr/wp-content/uploads/sites/4/2018/09/KB_Polz18_6189-1024x683.jpg" alt="Jardin Autriche Styrie Styrie méridionale Polz Jardin Grassnitzberg &amp; Hochgrassnitzberg" width="980" height="654" srcset="https://polz-garten.at/fr/wp-content/uploads/sites/4/2018/09/KB_Polz18_6189-1024x683.jpg 1024w, https://polz-garten.at/fr/wp-content/uploads/sites/4/2018/09/KB_Polz18_6189-300x200.jpg 300w, https://polz-garten.at/fr/wp-content/uploads/sites/4/2018/09/KB_Polz18_6189-768x512.jpg 768w, https://polz-garten.at/fr/wp-content/uploads/sites/4/2018/09/KB_Polz18_6189-335x223.jpg 335w, https://polz-garten.at/fr/wp-content/uploads/sites/4/2018/09/KB_Polz18_6189.jpg 1600w" sizes="auto, (max-width: 980px) 100vw, 980px" /><figcaption id="caption-attachment-166" class="wp-caption-text">Jardin Autriche Styrie Styrie méridionale Polz Jardin Grassnitzberg &amp; Hochgrassnitzberg</figcaption></figure>
<p>&nbsp;</p>
<p>&nbsp;</p>
<p>Je te raconterai l’histoire et la vie du jardin, des roses anciennes, du verger, des ruches et des vignes du fameux Sauvignon Blanc de notre cave, de mes visites guidées terroir et arômes, des spécialités que je crée et de mon travail en tant que coach diplômé en constellations familiales en session individuelle avec module Tetralemma. C’est bien l’histoire de la vigne – et de ma vie.</p>
<p>Mon mari Walter et moi, on a planté la vigne nommée Obegg ensemble en 1989, berceau des raisins de notre Chardonnay complexe (appelé Morillon en Styrie). A la recherche d’un domicile pour nous et notre famille, on a trouvé une vieille ferme. Nous l’avons achetée et adaptée à nos besoins en 1991. C’est la maison où on habite aujourd’hui.</p>
<p>L’année suivante, on a planté le site de Hochgrassnitzberg, toujours de nos propres mains. La vigne arrivait jusqu’à notre maison. J’ai donné naissance à quatre enfants : Walter jr., Lukas, Anna et Lara. Trois d’entre eux sont adultes aujourd’hui, Walter jr. nous a quitté beaucoup trop tôt. La perte de mon premier-né m’a fortement touchée et il a fallu des années pour me retrouver.</p>
<p>Pour retrouver ma vitalité, j’ai commencé à planter un jardin en 1992. Ma passion pour les roses anciennes et les plantes historiques a évolué d’année en année, et le jardin avec elle. Et je n’étais pas la seule à profiter de la force et de la vitalité de mon jardin aujourd’hui appelé Südsteiermark Garten® : Nos visiteurs étaient tout aussi ravis de la magie et de la force de cet endroit et y ont trouvé un espace de contemplation. En plus de mes tâches en tant que viticultrice et mère, j’ai suivi des cours auprès des maîtres de renom.</p>
<p>Il y a quelques années, j’ai planté une rangée de cyprès, bordée de lavandes. Mon mari a dû sacrifier plus de 1000 ceps pour ce faire. Il a fallu quelque temps, mais j’ai finalement réussi à le convaincre. Entretemps, la vigne et le jardin sont en parfaite harmonie et profitent l’un de l’autre. Les roses d’antan, les arbustes et les ceps puisent toute leur force dans le terroir complexe de notre vigne.</p>
<p>&nbsp;</p>
<h2>Mon jardin – un espace de travail</h2>
<p>Je ne penserais jamais à utiliser des engrais artificiels ou des insecticides chimiques. Je me fie totalement à la force et à la diversité de la nature. Les abeilles y abondent et se dépêchent pour ramasser le miel savoureux, dans les roses, la lavande et les autres plantes fleuries. Les vergers rajoutent leurs fruits nobles : variétés de pommes d’antan, coings, quetches, poires que je transforme en délicatesses. C’est ici que je familiarise les participants de mes visites terroir et arômes avec les secrets du sol, du paysage et de la vigne. C’est ici que je travaille avec mes clients en situation difficile ou au carrefour de leur vie selon la méthode <i>Tetralemma</i> pour qu’ils ne perdent pas de temps et réussissent à prendre une décision satisfaisante.</p>
<p>Cette vigne et ce jardin sont mon espace de travail de viticultrice, de productrice de spécialités régionales typiques de la région, de coach diplômée et certifiée en constellations familiales et systémiques et de guide à travers ce paysage merveilleux dont la force nous rend aussi heureuse.</p>

<p>&nbsp; &nbsp; &nbsp; Je te raconterai l’histoire et la vie du jardin, des roses anciennes, du verger, des ruches et des vignes du fameux Sauvignon Blanc de notre cave, de mes visites guidées terroir et arômes, des spécialités que je crée et de mon travail en tant que coach diplômé en constellations familiales en session [&hellip;]</p>
